 tens digit of y(-1)?
7
Suppose 2*b + 234 = 5*x - 367, -4*b = 5*x - 613. What is the hundreds digit of x?
1
Let x(f) = 32*f + 1. Let u be x(3). Let c = u - 57. What is the tens digit of c?
4
Let c(p) = p**3 - 7*p**2 - 5*p - 3. Let a = 41 - 33. What is the tens digit of c(a)?
2
Let q(g) = -7*g**3 - 5*g**2 - 8*g - 13. Let p be q(-4). Suppose 297 = 12*u - p. What is the units digit of u?
7
Let l(v) = -v + 13. Let q be l(11). Let z(f) = 2*f**2 + 10 - 4 - 8*f**q - f**3. What is the units digit of z(-6)?
6
Suppose -1 = -3*v + 5. Suppose 0 = 2*x - 8, -4*n + 48 = 6*x - v*x. Let o = n + 0. What is the units digit of o?
8
What is the hundreds digit of (-8)/((-282)/(-144) + -2)?
1
Let t = -1615 + 2364. What is the tens digit of t?
4
What is the units digit of 183/(-6)*112/(-8)?
7
Let g(t) = t. Let v be g(7). Suppose -v*y + 4*y = -2*q + 330, -q = 3*y - 183. What is the units digit of q?
1
Suppose 3*t + t = 0. Let d be -1 - -9*(1 - t). Suppose -2*w - d = -4*w. What is the units digit of w?
4
Let v(y) = -2*y**2 - 18*y - 46. Let d(l) = l**2 + 9*l + 23. Let n(k) = -5*d(k) - 3*v(k). Let r(b) = 6*b - 12. Let c be r(0). What is the units digit of n(c)?
9
Let j(s) = -s + 10. Let v be j(8). Suppose -v*o + 15 = -9. Suppose 3*h - 3*n = -o, -5*h + 2*h - 4*n = -23. What is the units digit of h?
1
Suppose -15*r + 13*r = -3744. What is the thousands digit of r?
1
Suppose -3*x - u = -258, -5*x = 3*u + 36 - 466. Suppose -5*p - 15 - 61 = -3*r, 3*r - x = -5*p. What is the units digit of (-58)/(-3) - 9/r?
9
Let r(y) = 3*y**2 - 23*y - 2. Let a(g) = g**2 - 8*g - 1. Let s(d) = -11*a(d) + 4*r(d). Let j be s(3). Suppose j = -2*n - n + 42. What is the tens digit of n?
1
Let d(g) = 2*g**3 - 6*g**2 - 6*g - 11. What is the hundreds digit of d(6)?
1
What is the units digit of ((-1522)/3)/(34/(-51))?
1
Let z = 2344 + -1618. What is the hundreds digit of z?
7
Let n(s) = 23*s**2 + 3*s - 5. Let l be n(-3). What is the tens digit of l/4 - (-42)/56?
4
Let h be (5/2 - 3)/(2/(-20)). Suppose -2*s + 571 = 4*o + 3*s, -s + 719 = h*o. What is the tens digit of o?
4
Suppose 2*z = 6, 2*s - 1805 = 2*z + 9859. What is the hundreds digit of s?
8
Let k(z) = -3*z + 4*z + 4*z - 6*z. Let v be k(-5). What is the tens digit of -3 + v/((-20)/(-64))?
1
Let u = -7 + 4. Let q be (-6)/u + 3*2. Suppose -2*y = -w - 20, -5*y + 47 = 4*w - q*w. What is the tens digit of y?
1
Suppose -4*i + 25 = -3*i - 3*f, -f = -4*i + 56. Let u = 12 - i. What is the units digit of (-56)/u*(9 + -8)?
6
Let q be 22/(1/(0 - -4)). Suppose q = -8*l + 12*l. Suppose l = 2*m - 30. What is the tens digit of m?
2
Let a(y) = 118*y + 130. What is the thousands digit of a(18)?
2
Suppose 883*c = 877*c + 2658. What is the hundreds digit of c?
4
Let c = -72 - -94. Suppose 0 = -d + c + 2. What is the tens digit of d?
2
Let l(w) = 478*w**2 + 6*w - 9. What is the hundreds digit of l(2)?
9
Let f(m) = -m**2 + 12*m + 14. Let i = 1 - -9. What is the units digit of f(i)?
4
Let s(r) be the second derivative of 0 + 1/12*r**4 - r**3 - 3/2*r**2 - 7*r. What is the units digit of s(7)?
4
Let y = 2707 + -4303. What is the units digit of y/(-35) - 4/(-10)?
6
Suppose -9 - 16 = -5*t. Suppose 12 = -4*x - t*i - 1, -x - i = 2. Suppose -42 = -x*y + 24. What is the tens digit of y?
2
Suppose -2*b - 3*g + 19 = 0, -3*b + g - 1 = -2. Let z be (-7 + 8)*(b + 1). Suppose 0 = z*r + 6, -4*l + 3*l + 55 = 4*r. What is the units digit of l?
3
Suppose 0 = -22*u + 14*u - 168. Let c = -21 - -5. Let w = c - u. What is the units digit of w?
5
Let s(i) = 29*i + 42. Suppose 9*n - 58 = -4. What is the units digit of s(n)?
6
What is the hundreds digit of -1*(-5)/15 - (-4836)/18?
2
Suppose 0 = -p - 3*g, -5*p - g = -2*g - 80. Let t = p - -13. What is the units digit of 7/(t/(-8)) - -5?
3
Suppose -4*x + 3*a - 15 = 0, -a - 4*a + 5 = 0. Let g be 24/16*4/x. What is the tens digit of (-1268)/(-36) + g/9?
3
Let r be ((-6)/12 - 374/4) + 0. Let n = r - -159. What is the tens digit of n?
6
Let o(y) = y**2 - 50*y + 529. What is the units digit of o(51)?
0
Suppose -3*b + 2*b = -14. Let k(n) = 32*n + 2. Let l be k(1). Let z = l - b. What is the units digit of z?
0
Let h be 22/10 + 4 + (-105)/25. Suppose 7*j - h*j - 780 = 0. What is the tens digit of j?
5
Let t be 40/30 + 32/(-6). Let z(s) = s**2 + 3*s + 12. What is the tens digit of z(t)?
1
Suppose 0 = -h + 277 + 200. What is the units digit of h?
7
Let c = -743 + 1147. Suppose 4*d = 2*u + c, 3*d - 300 = 2*u + u. What is the tens digit of d?
0
Let m(q) = 2*q - 11. Let w be m(8). Let c be 0 + 1 + 0 + -1. Suppose -w*b + 6*b - 3*a - 17 = c, 2*b - 18 = 2*a. What is the units digit of b?
5
Let i be 1/(-2 + (-22)/(-10)). Suppose 2*o - i = -p + 16, -2*p + 39 = 3*o. Let v = p + -8. What is the units digit of v?
7
Let l(y) = -y**2. Let u(m) = -17*m**2 + 1. Let n(x) = -6*l(x) - u(x). Let h be n(-1). Suppose 0 = -0*s - s - q + h, s + 5*q = 26. What is the tens digit of s?
2
Suppose -180 = 3*a - 0*a. Let f be (a/25)/(3/(-20)). What is the units digit of f/((-3)/((-12)/8))?
8
Suppose 3*r - 5*p - 993 = 0, 0 = 3*r - 2*r + 3*p - 331. What is the hundreds digit of r?
3
Let h be (-1)/((-1)/3 + 0)*1. Suppose -2*y = -h*y + 128. What is the hundreds digit of y?
1
Let c = -297 + 641. What is the hundreds digit of c?
3
Let b(k) = k - 10. Let j be b(13). Suppose -3*v = -j*i - 255, 345 = -0*v + 4*v - 5*i. What is the tens digit of v?
8
Let s(v) = 0*v - v**3 + 4*v - 4*v**2 - v + 2 + 1. Let l be s(-5). Let x = -8 + l. What is the units digit of x?
5
Suppose 4 = w + 8. Let b be 4 - ((-12)/w)/3. Suppose -5*l + 3*c - 8*c = -250, -l = b*c - 50. What is the tens digit of l?
5
Let d be 2 + (-4 - (-32)/4). Let i = d + 3. What is the units digit of i?
9
What is the tens digit of ((-12)/(-14))/((1 + -2)/(-112))?
9
What is the tens digit of (-2804)/3*(-36)/24?
0
Let a = -19 - -27. Suppose -4*c + 3 = 2*m + 9, -a = 2*c. Suppose 178 - 63 = m*x. What is the tens digit of x?
2
Let u(i) = 6*i + 40. Let f be u(-21). Let n = 199 + f. What is the units digit of n?
3
Let b(y) = 2905*y**2 - 18*y - 18. What is the hundreds digit of b(-1)?
9
Suppose 3*h = 112 + 125. Suppose -2*b - d - h = 0, b + d + 17 = -25. Let v = b + 71. What is the tens digit of v?
3
Let r be ((-2)/4)/(1/(-110)). Suppose 2*z - z - r = -h, -5*z + 293 = -h. What is the units digit of z?
8
Suppose 3 = -13*v + 3. Suppose 2*d + 5*d - 700 = v. What is the tens digit of d?
0
Suppose -5*c = -15, -3*d + 5*d - 688 = -2*c. What is the tens digit of d?
4
Suppose 2*j - 3*j = 294. Let t = j + 412. What is the hundreds digit of t?
1
Suppose c + 5*i - 1118 = 0, 6*c - c = i + 5460. What is the thousands digit of c?
1
Let c = 321 - 68. What is the tens digit of c?
5
Let g(v) = -v + 2. Let a be g(6). Let i = -4 - -12. What is the units digit of a/((-2)/i + 0)?
6
Let g = -21 - -24. Suppose -2*b + 3*q = -169, 0*q + 92 = b - g*q. What is the units digit of b?
7
Let d = -27 - -35. Let b = d + -4. What is the tens digit of -1*(-1)/(b/224)?
5
Let m = -6 + 110. What is the units digit of m?
4
Let k(b) = -b. Let m be k(4). Let z(r) be the first derivative of r**4/4 + 2*r**3 + 5*r**2/2 + r - 5. What is the units digit of z(m)?
3
Let h = -52 + 133. Suppose 0*w + h = -3*w. Let z = w + 61. What is the tens digit of z?
3
Suppose 0 = -6*d + 816 + 1248. What is the tens digit of d?
4
Suppose h + 5*i - 90 = -15, -h + 75 = i. Let b = 142 - h. Suppose -3*y - 2*u = -b, -3*y + 4 = 5*u - 51. What is the units digit of y?
5
Suppose 211 + 152 = w. What is the hundreds digit of w?
3
Let j = 6338 + -2783. What is the thousands digit of j?
3
Suppose o - 71 = 22. Suppose 0 = -4*b + a + o + 167, 5*a = 3*b - 195. What is the units digit of b?
5
Let h(x) = -87*x**3 + x**2 - 2*x - 2. Let r be ((-9)/(-18))/((-1)/(-2) + -1). What is the units digit of h(r)?
8
Let s(j) = -771*j - 46. What is the thousands digit of s(-2)?
1
Let v(j) = 8*j + 48. Let l(h) = 6*h + 47. Let y(s) = 3*l(s) - 4*v(s). What is the hundreds digit of y(-21)?
2
Suppose -3*r = -2*t - 2060, -2054 = -3*r - 53*t + 49*t. What is the units digit of r?
6
Let g(l) be the first derivative of -l**2/2 + 2*l + 2. Let c be g(0). What is the tens digit of 1/c + 98/4?
2
Suppose -11*k + 26*k = 30. Suppose k*i - 184 - 44 = 0. What is the hundreds digit of i?
1
Let d = -12 + 7. Let c(z) = 7*z**2 + z + 15. Let x(n) = 8*n**2 + 16. 